11. What is z(b)?
-2
Let f(i) = -3*i + 6. Let l be f(4). Let w(p) be the first derivative of p**2 + 7*p - 1796. Calculate w(l).
-5
Let s = 0 + 2. Let y = 0 - s. Let w(z) = -2*z**2 - 3*z**3 - 2 + 2*z**3 + 2*z + 5 + z. Calculate w(y).
-3
Suppose 0 = -6*p - 14*p - 20. Let x(f) = -42*f**2 - f - 1. Give x(p).
-42
Let d(o) be the first derivative of o**4 - o**3/3 + o - 23. Let t = -8 + 2. Let z(h) = -h - 5. Let b be z(t). Determine d(b).
4
Suppose 4*u - 4 - 4 = 0. Suppose 0 = u*y + 3*q - 8, -2*q + 4 = y - 7*q. Let f(l) = -y*l - 2*l + 4 + 9*l. Calculate f(-5).
-11
Let l(k) = 4*k + 1. Let g(v) = v - 4. Let d be g(6). Suppose 8*j = 3*j, d*z - 2 = -5*j. What is l(z)?
5
Let d = -990 + 986. Let q(f) be the third derivative of -f**4/8 - f**3/6 + f**2. Determine q(d).
11
Let s be -4*(-2 + (-7)/(-4)). Suppose 1 = -3*v + 4*f - s, -3*v + 3*f = 6. Let t(w) = 3*w + 8. Calculate t(v).
-10
Let o be 5*(-4)/10*-2. Let b(a) be the first derivative of 9/2*a**2 + a + o. What is b(-1)?
-8
Let r be 0/((-1)/1) - 29. Let d = 67 + -45. Let n = r + d. Let c(p) = p**3 + 8*p**2 + 7*p - 1. Give c(n).
-1
Let g(y) = y**2 + 6*y - 1. Suppose -59*j = -60*j - 5. Let n be g(j). Let s(i) = 3*i + 1. Calculate s(n).
-17
Let l(k) = k**2 + 6*k + 2. Let p(b) = b**2 - 5*b - 2. Let g = -41 - -45. Let i be p(g). What is l(i)?
2
Let l(m) be the first derivative of -2*m**2 + m + 6. Determine l(-6).
25
Let v be 10/20 - 11/(-2). Let w(m) = -2 - 4*m + 3*m + 0. Give w(v).
-8
Let g = 69 - 64. Let f(m) = -m**2 - m + 2 + 6*m + 1 - 1. Determine f(g).
2
Let j(p) be the third derivative of p**6/120 + 3*p**5/20 + p**4/3 + 8*p**2 + 29*p. Let o(h) = -2*h**3 + h**2 + h + 2. Let n be o(2). Give j(n).
0
Let b(m) = -17 + m**2 - 2*m**2 - 21 - 4*m - 4*m + 34. Suppose 0 = -0*h + h + 5*s + 33, -3*h - 14 = -2*s. Give b(h).
-4
Let u(g) = g**2 + 35 - 52 - 21*g + 11*g. Calculate u(12).
7
Let x(o) = o**3 + 6*o**2 - 10*o - 17. Let y be x(-7). Suppose 2*k - y*k + 4 = 0. Let b(g) = -g. What is b(k)?
-2
Suppose 8 = 7*v - 3*v. Let g(b) = 1 - 2 - 16*b**v - 7*b**3 + 16*b**2. Determine g(1).
-8
Let f be 0/((-8 + 16)/4). Let y(a) = -a**2 + a - 10. Calculate y(f).
-10
Let f(o) = -o**2 - 8*o - 14. Let l be f(-5). Let k(y) = -y. Let t(m) = -m**2 - 8*m + 1. Let g(d) = l*t(d) - 4*k(d). What is g(-2)?
5
Let m be (-899)/(-217) - (-2)/(-14). Let n(u) be the second derivative of u**5/20 - u**4/4 - 5*u**3/6 - u**2 - 3*u. What is n(m)?
-6
Let v(z) = 4*z**3 - 14*z**2 - 6*z + 8. Let x(c) = -9*c**3 + 30*c**2 + 15*c - 15. Let b(r) = 7*v(r) + 3*x(r). Calculate b(7).
-17
Let b be 16/(-6)*(-120)/16. Let g = -25 + b. Let d(k) = -3 - k - 3 + 4. Give d(g).
3
Suppose 53*r + 208 = r. Let h(x) = 2*x**3 + 8*x**2 + 2*x + 3. Determine h(r).
-5
Let k(t) = 2*t - 6. Let a(u) = -u - 1. Let y(j) = -5*j + 1. Let m(d) = -4*a(d) + y(d). Let r(s) = 6*k(s) + 7*m(s). What is r(1)?
4
Let d(y) = -y**3 - 2*y**2 + 6*y + 4. Let m be -3*1*(-4)/3. Suppose -110 = -26*p + 98. Let l = m - p. Give d(l).
12
Suppose p - 3*p = -10. Let y = -99 + 102. Let h(a) = -y*a**3 + 6*a**2 + 4*a**3 + 4*a + p + 0*a**2 + 2*a. Determine h(-5).
0
Let o(x) be the third derivative of -x**4/24 - x**3/6 + 32*x**2. Determine o(-2).
1
Let s(y) be the first derivative of y**5/20 - y**4/4 + y**3/6 - y**2 + 24*y + 7. Let q(r) be the first derivative of s(r). What is q(3)?
1
Let x(c) = -6*c + 110 - 227 + 0*c + 2*c**2 + 113. What is x(4)?
4
Let q(k) be the third derivative of -k**6/120 - k**5/15 + k**4/24 - k**3/2 - 8*k**2 - 55. Calculate q(-3).
-15
Let a(b) = 3*b**2 - 2*b + 6. Let m be a(2). Let y(o) = o**2 - o + 16 - 4*o - m + 7. What is y(6)?
15
Suppose -5*m + 2*j = -30, 2*m + 19 = -5*j + 2. Let h(k) = 5*k + 5 + m*k**2 - 12*k**2 + 9*k**2. Give h(-4).
1
Let u(t) = -3*t**3 - 1 + 2*t**3 - t**3 - 2*t**3. Suppose 2*k = 4*m + 16, 2*m + 12 = k + 2*k. Suppose 3*r - r = -5*n + k, 0 = -5*r + 4*n + 5. Give u(r).
-5
Let b(r) = -r**3 - 7*r**2 - 9*r + 7. Let x be 2/((-3)/((-45)/(-6))). What is b(x)?
2
Let m = 15 + 27. Let a = 49 - m. Let g(n) = -n**3 + 7*n**2 + n. What is g(a)?
7
Let o(f) = -12*f - 1. Suppose 0 = -j + 3*j + 10. Let h(w) = 11*w + 1. Let q(i) = j*h(i) - 4*o(i). Suppose -m = -0*m - 5, m - 4 = -r. Give q(r).
6
Let l(o) = -o**2 + 14*o - 25. Let s be l(12). Let j(r) = 0*r - 2*r + 1 + 0*r - 12*r. Determine j(s).
15
Let z(a) be the second derivative of 2*a**2 + 0 - 2*a + 1/6*a**3. Let d(c) = -c**2 + c + 5. Let g be d(0). Give z(g).
9
Let t(y) = -2*y + 1. Let q be -5*(-1 - -2)/1. Let a = 6 + q. What is t(a)?
-1
Suppose 13 = 3*r - 2*x, 3*r + 3*x - 9 = -2*r. Suppose r*f + 2*i + 2 - 1 = 0, 3*i + 6 = 0. Let o(g) = 7*g**3 + 1. What is o(f)?
8
Let o(i) = -i**3 + 2 + 2*i + 2*i**3 - 4*i**2 + 0*i. Let l be ((-85)/(-7) - 1) + 2/(-14). Suppose 8*j = l + 5. What is o(j)?
-2
Let h(a) = a**3 + 6*a**2 - a + 10. Let g be ((-132)/(-220))/((-2)/20). Determine h(g).
16
Suppose 6*d = 3*x + 3*d - 21, -19 = -2*x + 3*d. Let b(o) be the first derivative of -2*o + 1 - o**2 + 4/3*o**3 - 1/2*o**4. Give b(x).
-6
Suppose 4*h + 4 = -0. Let p = -10 + 37. Let o(j) = 0*j - p*j + 13*j. What is o(h)?
14
Let v(x) = x**2 - 2*x + 3. Let l(f) = f + 9. Let t = -20 - -26. Let i be (-7)/1*(-5 + t). Let j be l(i). Give v(j).
3
Let t(l) be the second derivative of 6*l - l**2 + 1/6*l**4 + 0 - 1/20*l**5 - 1/6*l**3. Calculate t(2).
-4
Let g be -6 + 44 + -2 + -4. Let q(r) = 2*r**2 - 64*r - 3. Determine q(g).
-3
Let i = -239 + 244. Let l(o) = o**2 - 2*o - 7. Determine l(i).
8
Let c(p) be the first derivative of 8*p - 2*p**2 - 1/3*p**3 - 8. What is c(-6)?
-4
Let d(l) be the second derivative of l**4/12 + l**3/6 + 2*l**2 - l - 18. Determine d(-4).
16
Let o(d) = d**2 - 17*d + 23. Suppose 53 - 18 = 2*y - w, 0 = 5*y + 5*w - 50. What is o(y)?
-7
Suppose -4*x + 2*b + 22 = 0, 5*x = -0*b + 4*b + 35. Let h(j) be the third derivative of 0 + 1/24*j**4 - 9*j**2 + 1/6*j**x + 0*j. Determine h(1).
2
Let z(u) = u**3 + 49*u**2 + 140*u + 94. Let b be z(-46). Let v(s) = 3*s**2 + s - 3. What is v(b)?
11
Suppose 0 = 7*d - 7 - 7. Let i(y) = 1 + 2 + 6*y - 8*y - 2*y**d. What is i(-3)?
-9
Let a be -4*(-3)/12 + 2. Let q(p) = -4*p + p**3 - 1 - a*p**2 + 1. Give q(4).
0
Let t(g) = 19*g + g + 7*g - 2 - 8*g. Let a(j) = -39*j + 5. Let w(b) = 3*a(b) + 7*t(b). Calculate w(-1).
-15
Let p = 1329 - 1322. Let v(z) = -z**3 + 8*z**2 - 10*z + 14. Calculate v(p).
-7
Let t(y) be the first derivative of -3*y**2/2 + 21. Suppose -4*c + 8 = -3*b - 7, -5*c = 2*b - 36. Suppose -5*j - 9 = c. Calculate t(j).
9
Let p(z) = -1 - 3*z - 2*z + z - z. Let r(d) = -10*d - 2. Let t(g) = 13*p(g) - 6*r(g). Suppose 0 = -q - 2, 3*m - 4 = 4*q + 1. Calculate t(m).
4
Let f(d) = d**2 - 28*d + 26. Let m be f(27). Let r(h) = 34*h**3 - 2*h**2 - 2*h - 1. What is r(m)?
-35
Let s(l) = l**3 - l. Suppose 4*k + 15 = -1, 5*n + 30 = -5*k. Let b be -1 + n/2 + 5. Suppose -v + 2*c - 1 = 5*c, b*c = 4*v + 4. What is s(v)?
0
Let i(a) = 3*a**3 + a. Let j be i(-1). Let b(r) be the second derivative of -r**5/20 - 5*r**4/12 - r**3 - 5*r**2/2 - 23*r + 2. Determine b(j).
3
Let y(m) = -m**3 + m**2 + 3*m + 1. Let w be y(-3). Suppose -5*d + 17 = -w. Suppose 5*s - d = 8*s. Let p(o) = -o**2 - 3*o + 4. What is p(s)?
4
Let l(q) = -93*q**2 + 1 - 90*q**2 - 98*q**2 + 282*q**2. Give l(5).
26
Suppose -2*x = 2*h + h - 8, 10 = -5*x. Let g(d) = h*d**2 - 1 - 3*d**2 - 5*d**3 + 10*d**3 + 2*d**3. What is g(1)?
7
Let x(s) = -2*s**3 - s**2 + 3*s - 1. Let g = -60 + 57. Determine x(g).
35
Suppose 0 = -2*y - y. Let h(n) = -5*n**3 + 6*n - 1. Let l(m) = 14*m**3 - 17*m + 4. Let z(v) = 17*h(v) + 6*l(v). Give z(y).
7
Let b(t) = -2 - 12*t - 1 - 4*t + 4. Let g(r) = r - 1. Let x be g(4). Suppose -x*y + 4 = y. What is b(y)?
-15
Suppose 70 = -9*i - i. Let q(x) = x**2 + 10*x + 24. Let w be q(i). Let j(k) = -k**3 + 5*k**2 - 5*k + 4. Calculate j(w).
7
Let p(i) = -i**2 - 6*i - 8. Let x = 70 - 56. Let m be x*5/(-30)*3. Calculate p(m).
-15
Let p(n) = n**3 - 5*n**2 - 6*n - 14. Suppose 4*u = 2*q + 53 - 39, 14 = -u + 4*q. What is p(u)?
-14
Let q(b) = -b**3 + 11*b**2 - 24*b + 3. Let l be q(8). Let i(u) = -u**3 - l + 3*u**2 + 2*u**2 + 12*u - 5*u. Determine i(6).
3
Let x(w) = w**3 - 10*w**2 + w + 5. Let m = 662 - 652. Calculate x(m).
15
Let y(b) = 10*b + 10. Let c(f) = 28*f + 31. Let o(h) = 6*c(h) - 17*y(h). Calculate o(9).
-2
Let h(d) be the second derivative of 0*d**2 + 0 + 1/12*d**4 + 0